e 7) in base 10?
-10203591
-20654013 (base 7) to base 4
-12232000203
-110011110101000101 (base 2) to base 15
-42d7d
Convert -402043 (base 5) to base 11.
-9662
Convert -118543 (base 10) to base 13.
-41c59
What is 50928 (base 12) in base 4?
121220300
Convert -4667 (base 15) to base 12.
-8797
20446334 (base 7) to base 3
10020200211102
-6130435 (base 7) to base 9
-1332481
-1222222212101 (base 3) to base 16
-103780
What is -1101110010101001001 (base 2) in base 7?
-3561350
What is -14002112 (base 10) in base 14?
-1c06b4c
What is -1420220140 (base 5) in base 2?
-1110000010010010111100
-340441410 (base 6) to base 7
-103441641
Convert -21332505 (base 6) to base 2.
-10011010110111111001
Convert 565442 (base 7) to base 3.
12002200212
Convert 243828 (base 10) to base 3.
110101110200
What is -213442215 (base 6) in base 5?
-1434102224
What is -7034 (base 16) in base 12?
-14758
What is -1214333140 (base 5) in base 16?
-2c0c0e
What is a72093 (base 15) in base 14?
10b10b3
Convert -472533 (base 8) to base 3.
-22012000020
1284135 (base 9) to base 13
1b8bc1
What is -120122133 (base 4) in base 14?
-2862b
-6126165 (base 7) to base 10
-729657
Convert -3213213333 (base 4) to base 13.
-272aa8
What is 17432a (base 11) in base 8?
1015711
-80281 (base 12) to base 13
-5a8b3
-179680 (base 14) to base 8
-3132320
Convert -b2b93 (base 13) to base 10.
-320544
-23231425 (base 6) to base 3
-1100120011222
What is -3332628 (base 10) in base 13?
-8c8b90
What is 9bc4 (base 14) in base 3?
1101001220
3b0a1 (base 14) to base 8
434245
-43695 (base 14) to base 5
-20210303
What is -137c37 (base 13) in base 14?
-c4c7b
Convert 2b640 (base 12) to base 4.
32333100
28378a4 (base 13) to base 10
12726510
Convert 385a3 (base 15) to base 3.
100011010100
What is -452276 (base 10) in base 3?
-211222101222
Convert 1399b49 (base 13) to base 16.
5ee6a6
Convert 2103220 (base 6) to base 15.
20280
550150 (base 15) to base 3
21121202222010
Convert 14358488 (base 9) to base 7.
114363236
-210322234 (base 5) to base 7
-10253242
Convert 1211540 (base 6) to base 13.
23133
Convert 10110011110000001011 (base 2) to base 7.
6154360
What is a5389a (base 12) in base 11?
1515291
24111144 (base 7) to base 10
2137314
875985 (base 11) to base 7
14613636
What is -21202002121112 (base 3) in base 2?
-1111101100110011000011
1011200020102 (base 3) to base 8
2301554
What is -3293840 (base 10) in base 3?
-20012100022002
5197c1 (base 13) to base 8
7212733
What is 11324110 (base 5) in base 6?
2125401
Convert 1043303304 (base 6) to base 13.
247a4a3
Convert -1635a0 (base 15) to base 13.
-2b811a
What is 38427 (base 11) in base 10?
55084
What is -4ba03 (base 13) in base 15?
-2b7a4
What is -176516 (base 9) in base 16?
-1acca
-1114314211 (base 5) to base 10
-2494931
Convert 112065 (base 13) to base 3.
202112122020
Convert -4432a (base 13) to base 6.
-2352035
-110011101000110101 (base 2) to base 10
-211509
Convert -1012235 (base 6) to base 2.
-1011110101011111
87635 (base 12) to base 15
3800e
101101011010111110 (base 2) to base 10
186046
Convert 56432 (base 11) to base 10.
81710
Convert 607b4a (base 16) to base 4.
120013231022
Convert 187b7c (base 16) to base 11.
9a6515
Convert -254203202 (base 6) to base 3.
-100100002022202
What is 3d6dba (base 14) in base 2?
1000001000100001011000
What is 17222035 (base 8) in base 12?
14129b9
Convert 30310302221 (base 4) to base 2.
1100110100110010101001
33918 (base 13) to base 14
26292
1554d9 (base 14) to base 6
23543115
Convert 2b815 (base 14) to base 11.
74660
-11010010120001 (base 3) to base 15
-2d31c1
What is -707ecc (base 15) in base 14?
-9d101a
What is a17644 (base 12) in base 14?
49919a
What is -3256371 (base 8) in base 12?
-362989
What is -2e57 (base 15) in base 14?
-38d0
Convert 1225015 (base 8) to base 10.
338445
What is -1b475 (base 14) in base 15?
-158c7
Convert -333888 (base 9) to base 7.
-1461230
Convert 20a607 (base 15) to base 4.
11323113001
What is 100011000000001100001 (base 2) in base 3?
2011021100122
Convert 2427c38 (base 13) to base 3.
210002200211212
Convert a98a61 (base 13) to base 8.
17157514
What is -786140 (base 10) in base 13?
-216a94
What is -1536a (base 11) in base 9?
-32730
Convert 3205053 (base 6) to base 9.
257766
Convert -1521111 (base 6) to base 15.
-1b2c7
Convert 112100110001 (base 3) to base 4.
1010331100
-4da0e (base 15) to base 4
-330230333
What is 4914d (base 15) in base 16?
38ed5
What is 33442413 (base 6) in base 9?
1818520
-22154342 (base 7) to base 11
-109708a
What is 340340 (base 8) in base 7?
656010
-13052455 (base 7) to base 2
-100100010011000101001
Convert -450112 (base 12) to base 11.
-690902
Convert -100100001010100011000000 (base 2) to base 11.
-5395831
-3387aa (base 11) to base 5
-114214231
What is 37067 (base 12) in base 2?
10010001010001111
What is -395683 (base 14) in base 3?
-10201022010112
3268185 (base 9) to base 2
110101101001001010001
-1653254 (base 7) to base 14
-605d4
What is 1041344302 (base 5) in base 14?
439c7c
Convert 2016502 (base 9) to base 14.
1dd6a4
What is 250420244 (base 6) in base 16?
492184
-3278 (base 13) to base 6
-52312
What is 596be8 (base 16) in base 14?
ac798c
-241104 (base 8) to base 4
-110021010
What is 4b3f8 (base 16) in base 13?
aa39c
What is -1200505551 (base 6) in base 7?
-222360556
What is 103030112 (base 4) in base 16?
13316
-769b8 (base 13) to base 2
-110100011011111101
Convert 101010111202 (base 3) to base 13.
6c9a7
Convert 32164254 (base 8) to base 4.
122032202230
-20100221220 (base 3) to base 15
-27223
Convert -314714 (base 8) to base 5.
-11324113
-5283085 (base 10) to base 9
-10842024
Convert -2a55e (base 16) to base 3.
-22210212110
Convert -1000111011010011101 (base 2) to base 4.
-1013122131
67c190 (base 13) to base 8
11271477
What is 1c391a (base 15) in base 6?
45320254
What is 580766 (base 10) in base 2?
10001101110010011110
Convert -3432343 (base 5) to base 4.
-33002132
62374a (base 12) to base 5
343300324
Convert 303463 (base 10) to base 7.
2402506
20062035 (base 7) to base 10
1662204
110698 (base 11) to base 2
101011000110001101
Convert 2867a3 (base 12) to base 4.
2210303223
What is 12b249 (base 13) in base 16?
6e975
What is -607773 (base 10) in base 4?
-2110120131
-126121 (base 12) to base 9
-507607
What is 1213310312 (base 5) in base 7?
33250523
What is -175aa13 (base 11) in base 3?
-12121201220221
-461112 (base 10) to base 11
-295493
1010000010001101 (base 2) to base 11
28975
-103434310 (base 5) to base 6
-13410411
-c33ad (base 15) to base 3
-1011102101001
What is 16cc8 (base 16) in base 11?
64185
What is 346b09 (base 13) in base 3?
2100011022110
What is -79b85c (base 13) in base 15?
-3bdc81
What is -10010110101000110101110 (base 2) in base 5?
-2230423420
Convert -74076 (base 12) to base 14.
-3d642
What is -2058358 (base 11) in base 12?
-126b235
What is 213605 (base 9) in base 16?
1f169
c59ca (base 15) to base 6
21232514
What is 1001102101201 (base 3) in base 11?
352345
Convert 2e8506 (base 16) to base 13.
829892
What is -200d2 (base 15) in base 4?
-120301013
Convert 40193 (base 10) to base 5.
2241233
Convert 32103031 (base 5) to base 8.
1015525
Convert -10010000000101011111101 (base 2) to base 11.
-2735297
What is -11001010010000011 (base 2) in base 6?
-2115231
Convert 838b2 (base 13) to base 8.
716040
Convert -211d0 (base 15) to base 9.
-170076
What is -14030bb (base 15) in base 16?
-dc501a
-270588 (base 10) to base 15
-55293
22012202 (base 4) to base 7
231431
11110000000100 (base 2) to base 11
105a8
What is -110010101111011011111 (base 2) in base 16?
-195edf
Convert 9c86 (base 13) to base 11.
1550a
What is 3073016 (base 9) in base 7?
16650330
Convert -23ca1 (base 15) to base 6.
-2240454
Convert 66757b (base 12) to base 5.
404132234
Convert -4182a (base 12) to base 6.
-1501254
26079 (base 16) to base 3
21220200020
Convert 79605 (base 16) to base 6.
14353353
What is -43450220 (base 6) in base 16?
-13cbe4
What is -b15a35 (base 16) in base 12?
-3a86305
What is -112200222101110 (base 3) in base 15?
-a45289
Convert -10212102120 (base 3) to base 13.
-28860
-4142232 (base 5) to base 3
-10110212220
What is 3290903 (base 11) in base 5?
2434112041
What is -14e4d1 (base 16) in base 7?
-14432056
-1414441 (base 6) to base 7
-452332
103125 (base 8) to base 15
a2c9
Convert -22122200200001 (base 3) to base 14.
